site?
True
Is 881401 composite?
True
Is 7649671 composite?
False
Is 10921609 composite?
False
Is 4877567 a composite number?
True
Is 6462361 a prime number?
False
Is 33062803 composite?
True
Is 2483653 a prime number?
True
Is 111858899 composite?
True
Is 8232439 prime?
True
Is 51562193 composite?
True
Is 11753081 composite?
True
Is 3296859 composite?
True
Is 4527623 a prime number?
True
Is 19727303 a composite number?
True
Is 508129 a prime number?
True
Is 77337059 a composite number?
True
Is 937761629 prime?
False
Is 5840155 a prime number?
False
Is 78319973 composite?
False
Is 343083841 prime?
True
Is 175915786 a prime number?
False
Is 13717567 prime?
True
Is 7217582 a prime number?
False
Is 655619 a composite number?
True
Is 3028621 a composite number?
False
Is 88013747 a prime number?
True
Is 2178517 composite?
True
Is 35722985 prime?
False
Is 463291 a composite number?
False
Is 984911 composite?
False
Is 2755051 prime?
False
Is 17925791 a prime number?
False
Is 460825147 a prime number?
True
Is 823801 composite?
True
Is 9849683 prime?
True
Is 11791553 composite?
False
Is 40021897 a composite number?
True
Is 76190827 composite?
False
Is 26633159 prime?
False
Is 435763 a prime number?
True
Is 137251949 a prime number?
True
Is 384953 a composite number?
True
Is 173452337 a composite number?
True
Is 53235969 composite?
True
Is 120525826 a composite number?
True
Is 84244961 a composite number?
False
Is 251745009 a composite number?
True
Is 9473435 a prime number?
False
Is 2707739 composite?
False
Is 173865889 composite?
True
Is 2661107 a prime number?
True
Is 19946201 a composite number?
True
Is 196438139 a composite number?
True
Is 358102103 composite?
False
Is 2941649 a composite number?
False
Is 30759317 a prime number?
True
Is 1214713 composite?
True
Is 16126811 composite?
False
Is 41680421 a composite number?
False
Is 11087533 composite?
True
Is 2819881 a composite number?
True
Is 1796567 a prime number?
True
Is 43191223 prime?
True
Is 403461229 prime?
True
Is 46046279 a prime number?
True
Is 193060237 composite?
False
Is 52694807 prime?
False
Is 1804247 composite?
True
Is 912637553 composite?
False
Is 77228313 prime?
False
Is 28486541 a prime number?
True
Is 11624029 prime?
False
Is 1645087 prime?
True
Is 6674953 a composite number?
False
Is 6383407 composite?
False
Is 229603 a prime number?
False
Is 28810381 prime?
True
Is 1391917 a prime number?
True
Is 11194897 composite?
True
Is 15339197 a prime number?
True
Is 176441621 a prime number?
True
Is 4742717 a composite number?
True
Is 755436647 composite?
True
Is 63268793 a prime number?
False
Is 8279441 a composite number?
True
Is 239835259 a composite number?
True
Is 63363754 composite?
True
Is 3350909 composite?
False
Is 2264737 composite?
False
Is 907456673 a composite number?
False
Is 34621399 a composite number?
True
Is 42022031 prime?
True
Is 46597283 a composite number?
False
Is 65424817 a composite number?
False
Is 31382077 a composite number?
True
Is 5376331 a prime number?
False
Is 555991 prime?
False
Is 26442961 composite?
False
Is 1150343 composite?
True
Is 672743 prime?
True
Is 71824649 prime?
False
Is 492227 a composite number?
False
Is 2100017 prime?
False
Is 284818503 composite?
True
Is 202071713 a composite number?
False
Is 33860621 a composite number?
True
Is 19158557 a prime number?
False
Is 1423169 composite?
True
Is 2401019 a prime number?
True
Is 64175333 prime?
True
Is 29009857 prime?
False
Is 5110799 composite?
True
Is 13127 a composite number?
False
Is 340943 composite?
True
Is 186175063 prime?
False
Is 4200077 composite?
True
Is 7952883 a prime number?
False
Is 10311193 a composite number?
False
Is 420077998 prime?
False
Is 2775841 prime?
True
Is 532867 composite?
False
Is 1047143 composite?
True
Is 3959623 a prime number?
False
Is 34940641 a prime number?
True
Is 765202 a composite number?
True
Is 30152257 prime?
False
Is 149799959 prime?
True
Is 4899619 a prime number?
True
Is 39419 a prime number?
True
Is 265428109 a prime number?
False
Is 325919 prime?
False
Is 4093883 a prime number?
True
Is 488491 composite?
True
Is 4127717 prime?
False
Is 106532827 a prime number?
True
Is 8085223 a composite number?
False
Is 97271962 a composite number?
True
Is 133837195 composite?
True
Is 27318107 composite?
True
Is 28443677 composite?
True
Is 84362909 prime?
False
Is 99347 a prime number?
True
Is 2920829 a prime number?
True
Is 118936493 prime?
False
Is 6888151 a composite number?
False
Is 30595241 prime?
True
Is 1313767415 prime?
False
Is 7951393 prime?
False
Is 66293113 a composite number?
False
Is 268645397 a composite number?
False
Is 4274441 composite?
True
Is 1952203 prime?
False
Is 7280183 a composite number?
False
Is 46080049 prime?
True
Is 407441 a composite number?
True
Is 533427739 a prime number?
False
Is 3268417 composite?
False
Is 2214489 composite?
True
Is 24448469 composite?
False
Is 2439443 composite?
False
Is 4554611 composite?
False
Is 5241101 a composite number?
False
Is 215697487 a prime number?
True
Is 13967053 composite?
False
Is 453829487 prime?
True
Is 45734891 composite?
False
Is 77230247 prime?
True
Is 4070422 composite?
True
Is 34041851 composite?
False
Is 897817 a composite number?
False
Is 172063211 a composite number?
False
Is 8699722 a composite number?
True
Is 3512414 a composite number?
True
Is 25529479 composite?
True
Is 1839589 composite?
False
Is 1887917 composite?
False
Is 63850037 a prime number?
True
Is 1499921 a composite number?
False
Is 2134579 composite?
False
Is 4282549 a prime number?
True
Is 13354619 a composite number?
False
Is 452226965 composite?
True
Is 22843517 prime?
False
Is 142581977 a composite number?
False
Is 199987477 prime?
False
Is 901507 prime?
False
Is 29963195 prime?
False
Is 12573613 composite?
True
Is 3409943 composite?
True
Is 99658723 a prime number?
False
Is 5051723 a prime number?
True
Is 2008649 prime?
False
Is 572903567 a composite number?
False
Is 1625951 a composite number?
False
Is 8686459 prime?
True
Is 2089979 composite?
False
Is 5643089 composite?
False
Is 347548783 prime?
True
Is 194893649 prime?
True
Is 12868811 composite?
False
Is 4101103 a prime number?
True
Is 46953485 a prime number?
False
Is 4367593 composite?
True
Is 22311287 a composite number?
True
Is 10879639 a prime number?
False
Is 12840473 prime?
True
Is 230066467 composite?
True
Is 10094933 prime?
False
Is 13633309 composite?
False
Is 20003437 a composite number?
True
Is 20024463 a prime number?
False
Is 5486167 a composite number?
True
Is 235063897 prime?
True
Is 23035483 a prime number?
False
Is 3470687 a prime number?
False
Is 7350467 composite?
False
Is 137783 prime?
False
Is 19132703 composite?
False
Is 24745051 composite?
False
Is 792581 prime?
True
Is 167509543 composite?
False
Is 181932377 a composite number?
True
Is 46298481 a composite number?
True
Is 30142477 prime?
True
Is 430362653 prime?
False
Is 114732307 a prime number?
True
Is 8814523 a prime number?
False
Is 189283081 a composite number?
True
Is 7844297 prime?
False
Is 11456389 prime?
False
Is 1306911 a composite number?
True
Is 2565473 prime?
False
Is 193439497 prime?
True
Is 735563 prime?
False
Is 1273919 a prime number?
True
Is 4695469 a prime number?
True
Is 3107411 a composite number?
False
Is 54068159 a composite number?
False
Is 972373 a prime number?
True
Is 27882859 prime?
False
Is 2043091 composite?
False
Is 3193835 composite?
True
Is 136546705 composite?
True
Is 2746015 composite?
True
Is 544841 prime?
False
Is 16708609 a prime number?
True
Is 617359 composite?
False
Is 3867233 composite?
False
Is 46516813 a prime number?
False
Is 2126483 a prime number?
False
Is 396157 a composite number?
False
Is 35621057 prime?
False
Is 17268197 a composite number?
True
Is 3410947 a composite number?
True
Is 2400989 composite?
False
Is 89655317 composite?
True
Is 7649063 composite?
False
Is 188192971 composite?
True
Is 537221 prime?
True
Is 7061 prime?
False
Is 21633329 a prime number?
True
Is 195015979 a prime number?
True
Is 16753549 a prime number?
False
Is 37626679 prime?
True
Is 21896411 composite?
False
Is 21961 a prime number?
True
Is 31682639 a composite number?
False
Is 3045421 prime?
True
Is 112574122 prime?
False
Is 3136969 composite?
True
Is 11247